{"id":182,"date":"2023-02-09T14:35:16","date_gmt":"2023-02-09T19:35:16","guid":{"rendered":"http:\/\/medcitysmokeshop.com\/?post_type=product&#038;p=182"},"modified":"2025-06-12T11:36:13","modified_gmt":"2025-06-12T16:36:13","slug":"game-leaf-grape","status":"publish","type":"product","link":"https:\/\/medcitysmokeshop.com\/?product=game-leaf-grape","title":{"rendered":"Game Leaf grape"},"content":{"rendered":"<p>Nada puede competir con el sabor dulce y picante de las uvas moradas.\u00a0<strong>Los cigarros Game Grape<\/strong>\u00a0son deliciosamente dulces con los toques picantes perfectos del sabor a uva agria.\u00a0Estos cigarrillos no solo son deliciosos, sino que tambi\u00e9n se queman de manera suave, lenta y constante.\u00a0Esto se debe a que cada cigarro est\u00e1 hecho con un proceso de enrollado a m\u00e1quina caracter\u00edstico.\u00a0Los cigarros enrollados a m\u00e1quina como estos no solo son asequibles sino que tambi\u00e9n son consistentes.\u00a0Esto los hace f\u00e1ciles de disfrutar en cualquier momento.\u00a0Con el tama\u00f1o perfecto para brindar versatilidad y frescura, \u00a1vendemos estos deliciosos cigarros a granel!<\/p>\n","protected":false},"excerpt":{"rendered":"<p>Nada puede competir con el sabor dulce y picante de las uvas moradas.\u00a0Los cigarros Game Grape\u00a0son deliciosamente dulces con los toques picantes perfectos del sabor a uva agria.\u00a0Estos cigarrillos no solo son deliciosos, sino que tambi\u00e9n se queman de manera suave, lenta y constante.\u00a0Esto se debe a que cada cigarro est\u00e1 hecho con un proceso [&hellip;]<\/p>\n","protected":false},"featured_media":183,"template":"","meta":{"nf_dc_page":"","om_disable_all_campaigns":false,"_exactmetrics_skip_tracking":false,"_exactmetrics_sitenote_active":false,"_exactmetrics_sitenote_note":"","_exactmetrics_sitenote_category":0,"_uf_show_specific_survey":0,"_uf_disable_surveys":false},"product_brand":[],"product_cat":[31],"product_tag":[35,25],"class_list":{"0":"post-182","1":"product","2":"type-product","3":"status-publish","4":"has-post-thumbnail","6":"product_cat-cigarros","7":"product_tag-game","8":"product_tag-tabaco","10":"first","11":"instock","12":"taxable","13":"shipping-taxable","14":"purchasable","15":"product-type-simple"},"aioseo_notices":[],"jetpack_sharing_enabled":true,"_links":{"self":[{"href":"https:\/\/medcitysmokeshop.com\/index.php?rest_route=\/wp\/v2\/product\/182","targetHints":{"allow":["GET"]}}],"collection":[{"href":"https:\/\/medcitysmokeshop.com\/index.php?rest_route=\/wp\/v2\/product"}],"about":[{"href":"https:\/\/medcitysmokeshop.com\/index.php?rest_route=\/wp\/v2\/types\/product"}],"wp:featuredmedia":[{"embeddable":true,"href":"https:\/\/medcitysmokeshop.com\/index.php?rest_route=\/wp\/v2\/media\/183"}],"wp:attachment":[{"href":"https:\/\/medcitysmokeshop.com\/index.php?rest_route=%2Fwp%2Fv2%2Fmedia&parent=182"}],"wp:term":[{"taxonomy":"product_brand","embeddable":true,"href":"https:\/\/medcitysmokeshop.com\/index.php?rest_route=%2Fwp%2Fv2%2Fproduct_brand&post=182"},{"taxonomy":"product_cat","embeddable":true,"href":"https:\/\/medcitysmokeshop.com\/index.php?rest_route=%2Fwp%2Fv2%2Fproduct_cat&post=182"},{"taxonomy":"product_tag","embeddable":true,"href":"https:\/\/medcitysmokeshop.com\/index.php?rest_route=%2Fwp%2Fv2%2Fproduct_tag&post=182"}],"curies":[{"name":"wp","href":"https:\/\/api.w.org\/{rel}","templated":true}]}}