{"id":460,"date":"2023-10-24T15:02:34","date_gmt":"2023-10-24T20:02:34","guid":{"rendered":"https:\/\/medcitysmokeshop.com\/?post_type=product&#038;p=460"},"modified":"2025-06-10T18:36:54","modified_gmt":"2025-06-10T23:36:54","slug":"cookies-gpen-connect-vaporizer-850000","status":"publish","type":"product","link":"https:\/\/medcitysmokeshop.com\/?product=cookies-gpen-connect-vaporizer-850000","title":{"rendered":"COOKIES GPEN CONNECT VAPORIZER"},"content":{"rendered":"","protected":false},"excerpt":{"rendered":"<p>Dise\u00f1ado en colaboraci\u00f3n con el legendario rapero y empresario del \u00c1rea de la Bah\u00eda, Berner, G Pen se complace en anunciar el vaporizador Cookies x G Pen Connect.\u00a0Totalmente personalizado, incluyendo una bater\u00eda Connect, un tanque, una carcasa y un estuche de viaje de c\u00e1\u00f1amo, todo en el universalmente reconocido azul Cookies, este lanzamiento de edici\u00f3n limitada es visualmente impresionante y revolucionario en su funcionalidad, ya que combina con cualquier vaso de agua de vidrio. pieza en su colecci\u00f3n existente.<\/p>\n","protected":false},"featured_media":461,"template":"","meta":{"nf_dc_page":"","om_disable_all_campaigns":false,"_exactmetrics_skip_tracking":false,"_exactmetrics_sitenote_active":false,"_exactmetrics_sitenote_note":"","_exactmetrics_sitenote_category":0,"_uf_show_specific_survey":0,"_uf_disable_surveys":false},"product_brand":[],"product_cat":[70],"product_tag":[],"class_list":{"0":"post-460","1":"product","2":"type-product","3":"status-publish","4":"has-post-thumbnail","6":"product_cat-vaporizadores-concentrados","8":"first","9":"instock","10":"taxable","11":"shipping-taxable","12":"product-type-simple"},"aioseo_notices":[],"jetpack_sharing_enabled":true,"_links":{"self":[{"href":"https:\/\/medcitysmokeshop.com\/index.php?rest_route=\/wp\/v2\/product\/460","targetHints":{"allow":["GET"]}}],"collection":[{"href":"https:\/\/medcitysmokeshop.com\/index.php?rest_route=\/wp\/v2\/product"}],"about":[{"href":"https:\/\/medcitysmokeshop.com\/index.php?rest_route=\/wp\/v2\/types\/product"}],"wp:featuredmedia":[{"embeddable":true,"href":"https:\/\/medcitysmokeshop.com\/index.php?rest_route=\/wp\/v2\/media\/461"}],"wp:attachment":[{"href":"https:\/\/medcitysmokeshop.com\/index.php?rest_route=%2Fwp%2Fv2%2Fmedia&parent=460"}],"wp:term":[{"taxonomy":"product_brand","embeddable":true,"href":"https:\/\/medcitysmokeshop.com\/index.php?rest_route=%2Fwp%2Fv2%2Fproduct_brand&post=460"},{"taxonomy":"product_cat","embeddable":true,"href":"https:\/\/medcitysmokeshop.com\/index.php?rest_route=%2Fwp%2Fv2%2Fproduct_cat&post=460"},{"taxonomy":"product_tag","embeddable":true,"href":"https:\/\/medcitysmokeshop.com\/index.php?rest_route=%2Fwp%2Fv2%2Fproduct_tag&post=460"}],"curies":[{"name":"wp","href":"https:\/\/api.w.org\/{rel}","templated":true}]}}