{"id":466,"date":"2023-10-24T15:42:11","date_gmt":"2023-10-24T20:42:11","guid":{"rendered":"https:\/\/medcitysmokeshop.com\/?post_type=product&#038;p=466"},"modified":"2025-06-10T18:34:10","modified_gmt":"2025-06-10T23:34:10","slug":"dip-lunar-vaporizer-200000","status":"publish","type":"product","link":"https:\/\/medcitysmokeshop.com\/?product=dip-lunar-vaporizer-200000","title":{"rendered":"DIP LUNAR VAPORIZER"},"content":{"rendered":"","protected":false},"excerpt":{"rendered":"<p>Nuestro bol\u00edgrafo Lunar est\u00e1 dise\u00f1ado para garantizar un flujo de aire sin restricciones con un dise\u00f1o f\u00e1cil de guardar y llevar. Ya sea que apliques CBD o concentrado de cannabis, el l\u00e1piz Lunar dar\u00e1 una calada completa que mejorar\u00e1 tu experiencia, de manera simple y efectiva.<\/p>\n<p>Caracter\u00edsticas del producto:<\/p>\n<p>Piezas de repuesto<br \/>\nTecnolog\u00eda patentada AirFlow de Dip Devices<br \/>\nFunci\u00f3n empacar y listo<br \/>\nBater\u00eda de 650 mAh<\/p>\n","protected":false},"featured_media":467,"template":"","meta":{"nf_dc_page":"","om_disable_all_campaigns":false,"_exactmetrics_skip_tracking":false,"_exactmetrics_sitenote_active":false,"_exactmetrics_sitenote_note":"","_exactmetrics_sitenote_category":0,"_uf_show_specific_survey":0,"_uf_disable_surveys":false},"product_brand":[],"product_cat":[70],"product_tag":[],"class_list":{"0":"post-466","1":"product","2":"type-product","3":"status-publish","4":"has-post-thumbnail","6":"product_cat-vaporizadores-concentrados","8":"first","9":"instock","10":"taxable","11":"shipping-taxable","12":"product-type-simple"},"aioseo_notices":[],"jetpack_sharing_enabled":true,"_links":{"self":[{"href":"https:\/\/medcitysmokeshop.com\/index.php?rest_route=\/wp\/v2\/product\/466","targetHints":{"allow":["GET"]}}],"collection":[{"href":"https:\/\/medcitysmokeshop.com\/index.php?rest_route=\/wp\/v2\/product"}],"about":[{"href":"https:\/\/medcitysmokeshop.com\/index.php?rest_route=\/wp\/v2\/types\/product"}],"wp:featuredmedia":[{"embeddable":true,"href":"https:\/\/medcitysmokeshop.com\/index.php?rest_route=\/wp\/v2\/media\/467"}],"wp:attachment":[{"href":"https:\/\/medcitysmokeshop.com\/index.php?rest_route=%2Fwp%2Fv2%2Fmedia&parent=466"}],"wp:term":[{"taxonomy":"product_brand","embeddable":true,"href":"https:\/\/medcitysmokeshop.com\/index.php?rest_route=%2Fwp%2Fv2%2Fproduct_brand&post=466"},{"taxonomy":"product_cat","embeddable":true,"href":"https:\/\/medcitysmokeshop.com\/index.php?rest_route=%2Fwp%2Fv2%2Fproduct_cat&post=466"},{"taxonomy":"product_tag","embeddable":true,"href":"https:\/\/medcitysmokeshop.com\/index.php?rest_route=%2Fwp%2Fv2%2Fproduct_tag&post=466"}],"curies":[{"name":"wp","href":"https:\/\/api.w.org\/{rel}","templated":true}]}}