{"id":789,"date":"2023-11-15T17:56:29","date_gmt":"2023-11-15T22:56:29","guid":{"rendered":"https:\/\/medcitysmokeshop.com\/?post_type=product&#038;p=789"},"modified":"2025-06-08T22:44:04","modified_gmt":"2025-06-09T03:44:04","slug":"butter-machine-180000","status":"publish","type":"product","link":"https:\/\/medcitysmokeshop.com\/?product=butter-machine-180000","title":{"rendered":"BUTTER MACHINE"},"content":{"rendered":"","protected":false},"excerpt":{"rendered":"<p>\u00a1La m\u00e1quina para hacer mantequilla a base de hierbas de 2 barras Dabix Labs es la forma m\u00e1s f\u00e1cil de preparar mantequilla infundida!\u00a0\u00a1Prepara r\u00e1pida y f\u00e1cilmente 2 barras de mantequilla en solo minutos con este incre\u00edble dispositivo!\u00a0Y lo mejor de todo es que no tendr\u00e1s que preocuparte por cables ni pilas, \u00a1simplemente col\u00f3calo en la estufa y deja que haga su magia!<\/p>\n<p><strong>C\u00f3mo funciona:<\/strong><\/p>\n<ol>\n<li>Agregue 2 barras de mantequilla a la olla inferior y ll\u00e9nela con agua justo debajo de la v\u00e1lvula de liberaci\u00f3n de presi\u00f3n.<\/li>\n<li>Agregue hierbas finamente picadas al filtro (no empaquete) inserte el filtro en la olla inferior<\/li>\n<li>Apriete la olla superior con la olla inferior.\u00a0col\u00f3quelo en la estufa a fuego medio, mantenga el mango fuera del calor directo.<\/li>\n<li>Cocine hasta que la unidad comience a hervir (aproximadamente 7-8 minutos) para una potencia m\u00e1s fuerte. Vuelva a utilizar el mismo producto 2-3 veces, nunca deje la mantequilla desatendida.<\/li>\n<li>Consulte el manual de instrucciones (incluido) para obtener todos los detalles.<\/li>\n<\/ol>\n","protected":false},"featured_media":790,"template":"","meta":{"nf_dc_page":"","om_disable_all_campaigns":false,"_exactmetrics_skip_tracking":false,"_exactmetrics_sitenote_active":false,"_exactmetrics_sitenote_note":"","_exactmetrics_sitenote_category":0,"_uf_show_specific_survey":0,"_uf_disable_surveys":false},"product_brand":[],"product_cat":[108],"product_tag":[],"class_list":{"0":"post-789","1":"product","2":"type-product","3":"status-publish","4":"has-post-thumbnail","6":"product_cat-equipos","8":"first","9":"instock","10":"taxable","11":"shipping-taxable","12":"product-type-simple"},"aioseo_notices":[],"jetpack_sharing_enabled":true,"_links":{"self":[{"href":"https:\/\/medcitysmokeshop.com\/index.php?rest_route=\/wp\/v2\/product\/789","targetHints":{"allow":["GET"]}}],"collection":[{"href":"https:\/\/medcitysmokeshop.com\/index.php?rest_route=\/wp\/v2\/product"}],"about":[{"href":"https:\/\/medcitysmokeshop.com\/index.php?rest_route=\/wp\/v2\/types\/product"}],"wp:featuredmedia":[{"embeddable":true,"href":"https:\/\/medcitysmokeshop.com\/index.php?rest_route=\/wp\/v2\/media\/790"}],"wp:attachment":[{"href":"https:\/\/medcitysmokeshop.com\/index.php?rest_route=%2Fwp%2Fv2%2Fmedia&parent=789"}],"wp:term":[{"taxonomy":"product_brand","embeddable":true,"href":"https:\/\/medcitysmokeshop.com\/index.php?rest_route=%2Fwp%2Fv2%2Fproduct_brand&post=789"},{"taxonomy":"product_cat","embeddable":true,"href":"https:\/\/medcitysmokeshop.com\/index.php?rest_route=%2Fwp%2Fv2%2Fproduct_cat&post=789"},{"taxonomy":"product_tag","embeddable":true,"href":"https:\/\/medcitysmokeshop.com\/index.php?rest_route=%2Fwp%2Fv2%2Fproduct_tag&post=789"}],"curies":[{"name":"wp","href":"https:\/\/api.w.org\/{rel}","templated":true}]}}